{"id":108,"date":"2019-08-03T14:27:02","date_gmt":"2019-08-03T12:27:02","guid":{"rendered":"https:\/\/dynamixia.fr\/?page_id=108"},"modified":"2019-08-07T21:25:34","modified_gmt":"2019-08-07T19:25:34","slug":"tests-psychologiques-par-psychomedia","status":"publish","type":"page","link":"https:\/\/dynamixia.fr\/index.php\/tests-psychologiques-par-psychomedia\/","title":{"rendered":"Tests psychologiques par Psychomedia"},"content":{"rendered":"\n<h6 class=\"wp-block-heading\" style=\"text-align:center\">\u26a0 Les tests pr\u00e9sent\u00e9s ici (via le site Psychom\u00e9dia) n&rsquo;ont pas de validit\u00e9 scientifique ! Ils en sont inspir\u00e9s mais ne remplacent pas une v\u00e9ritable consultation propos\u00e9e par un.e professionnel.le ! \u26a0<\/h6>\n\n\n\n<hr class=\"wp-block-separator is-style-wide\"\/>\n\n\n\n<p>Les&nbsp;<em>tests psychologiques<\/em>&nbsp;gratuits en ligne pr\u00e9sent\u00e9s ici (aucune inscription requise) ont \u00e9t\u00e9 d\u00e9velopp\u00e9s dans un contexte de recherche en psychologie ou en psychiatrie, ou sont bas\u00e9s sur les crit\u00e8res diagnostiques de conditions de sant\u00e9 mentale.<\/p>\n\n\n\n<p>Ils sont souvent associ\u00e9s \u00e0 des mod\u00e8les en psychologie que vous pourrez prendre int\u00e9r\u00eat \u00e0 d\u00e9couvrir.<\/p>\n\n\n\n<p>Ces tests sont pr\u00e9sent\u00e9s dans le but d&rsquo;informer et de favoriser la r\u00e9flexion et la connaissance de soi et non pas comme outils diagnostiques.<\/p>\n\n\n<div class=\"n2-section-smartslider fitvidsignore \" data-ssid=\"1\" tabindex=\"0\" role=\"region\" aria-label=\"Diaporama\"><div id=\"n2-ss-1-align\" class=\"n2-ss-align\"><div class=\"n2-padding\"><div id=\"n2-ss-1\" data-creator=\"Smart Slider 3\" data-responsive=\"auto\" class=\"n2-ss-slider n2-ow n2-has-hover n2notransition  \">\n\n\n\n\n\n<div class=\"n2-ss-slider-wrapper-outside\" style=\"grid-template-rows:1fr auto\"><div class=\"n2-ss-slider-wrapper-inside\">\n        <div class=\"n2-ss-slider-1 n2_ss__touch_element n2-ow\">\n            <div class=\"n2-ss-slider-2 n2-ow\">\n                                                    <div class=\"n2-ss-background-animation n2-ow\"><\/div>\n                                <div class=\"n2-ss-slider-3 n2-ow\">\n\n                    <div class=\"n2-ss-slide-backgrounds n2-ow-all\"><div class=\"n2-ss-slide-background\" data-public-id=\"1\" data-mode=\"fill\"><div class=\"n2-ss-slide-background-image\" data-blur=\"0\" data-opacity=\"100\" data-x=\"50\" data-y=\"50\" data-alt=\"\" data-title=\"\"><picture class=\"skip-lazy\" data-skip-lazy=\"1\"><img decoding=\"async\" src=\"\/\/dynamixia.fr\/wp-content\/uploads\/2019\/07\/intelligence-emo.jpg\" alt=\"\" title=\"\" loading=\"lazy\" class=\"skip-lazy\" data-skip-lazy=\"1\"><\/picture><\/div><div data-color=\"RGBA(255,255,255,0)\" style=\"background-color: RGBA(255,255,255,0);\" class=\"n2-ss-slide-background-color\"><\/div><\/div><div class=\"n2-ss-slide-background\" data-public-id=\"2\" data-mode=\"fill\" aria-hidden=\"true\"><div class=\"n2-ss-slide-background-image\" data-blur=\"0\" data-opacity=\"100\" data-x=\"50\" data-y=\"50\" data-alt=\"\" data-title=\"\"><picture class=\"skip-lazy\" data-skip-lazy=\"1\"><img decoding=\"async\" src=\"\/\/dynamixia.fr\/wp-content\/uploads\/2019\/07\/\u00e9motions.jpg\" alt=\"\" title=\"\" loading=\"lazy\" class=\"skip-lazy\" data-skip-lazy=\"1\"><\/picture><\/div><div data-color=\"RGBA(255,255,255,0)\" style=\"background-color: RGBA(255,255,255,0);\" class=\"n2-ss-slide-background-color\"><\/div><\/div><div class=\"n2-ss-slide-background\" data-public-id=\"3\" data-mode=\"fill\" aria-hidden=\"true\"><div class=\"n2-ss-slide-background-image\" data-blur=\"0\" data-opacity=\"100\" data-x=\"50\" data-y=\"50\" data-alt=\"\" data-title=\"\"><picture class=\"skip-lazy\" data-skip-lazy=\"1\"><img decoding=\"async\" src=\"\/\/dynamixia.fr\/wp-content\/uploads\/2019\/07\/Canva-Person-Holding-Pen.jpg\" alt=\"\" title=\"\" loading=\"lazy\" class=\"skip-lazy\" data-skip-lazy=\"1\"><\/picture><\/div><div data-color=\"RGBA(255,255,255,0)\" style=\"background-color: RGBA(255,255,255,0);\" class=\"n2-ss-slide-background-color\"><\/div><\/div><div class=\"n2-ss-slide-background\" data-public-id=\"4\" data-mode=\"fill\" aria-hidden=\"true\"><div class=\"n2-ss-slide-background-image\" data-blur=\"0\" data-opacity=\"100\" data-x=\"50\" data-y=\"50\" data-alt=\"\" data-title=\"\"><picture class=\"skip-lazy\" data-skip-lazy=\"1\"><img decoding=\"async\" src=\"\/\/dynamixia.fr\/wp-content\/uploads\/2019\/07\/Canva-Man-Wearing-White-Sweater-and-Black-Shorts-About-to-Run.jpg\" alt=\"\" title=\"\" loading=\"lazy\" class=\"skip-lazy\" data-skip-lazy=\"1\"><\/picture><\/div><div data-color=\"RGBA(255,255,255,0)\" style=\"background-color: RGBA(255,255,255,0);\" class=\"n2-ss-slide-background-color\"><\/div><\/div><div class=\"n2-ss-slide-background\" data-public-id=\"5\" data-mode=\"fill\" aria-hidden=\"true\"><div class=\"n2-ss-slide-background-image\" data-blur=\"0\" data-opacity=\"100\" data-x=\"50\" data-y=\"50\" data-alt=\"\" data-title=\"\"><picture class=\"skip-lazy\" data-skip-lazy=\"1\"><img decoding=\"async\" src=\"\/\/dynamixia.fr\/wp-content\/uploads\/2019\/07\/emotion2.jpg\" alt=\"\" title=\"\" loading=\"lazy\" class=\"skip-lazy\" data-skip-lazy=\"1\"><\/picture><\/div><div data-color=\"RGBA(255,255,255,0)\" style=\"background-color: RGBA(255,255,255,0);\" class=\"n2-ss-slide-background-color\"><\/div><\/div><\/div>                    <div class=\"n2-ss-slider-4 n2-ow\">\n                        <svg xmlns=\"http:\/\/www.w3.org\/2000\/svg\" viewBox=\"0 0 1200 600\" data-related-device=\"desktopPortrait\" class=\"n2-ow n2-ss-preserve-size n2-ss-preserve-size--slider n2-ss-slide-limiter\"><\/svg><div data-first=\"1\" data-slide-duration=\"0\" data-id=\"1\" data-slide-public-id=\"1\" data-title=\"intelligence \u00e9motionnelle\" class=\"n2-ss-slide n2-ow  n2-ss-slide-1\"><div role=\"note\" class=\"n2-ss-slide--focus\" tabindex=\"-1\">intelligence \u00e9motionnelle<\/div><div class=\"n2-ss-layers-container n2-ss-slide-limiter n2-ow\"><div class=\"n2-ss-layer n2-ow n-uc-q7amAE5UI6wH\" data-sstype=\"slide\" data-pm=\"default\"><div class=\"n2-ss-layer n2-ow n-uc-1bd34512a50ea\" data-pm=\"default\" data-sstype=\"content\" data-hasbackground=\"1\"><div class=\"n2-ss-section-main-content n2-ss-layer-with-background n2-ss-layer-content n2-ow n-uc-1bd34512a50ea-inner\"><div class=\"n2-ss-layer n2-ow n-uc-wjtCMerfgxo4 n2-ss-layer--auto\" data-pm=\"normal\" data-sstype=\"layer\"><h2 id=\"n2-ss-1item1\" class=\"  n2-ss-item-content n2-ss-text n2-ow\" style=\"display:inline-block;\"><a class=\"n2-ow n2-font-473a070fc9b2d9a41ee70f3987d84ce3-hover n2-style-a0af177082ddcd8be736b701cce13f4a-heading \" style=\"display:inline-block;\" target=\"_blank\" href=\"http:\/\/www.psychomedia.qc.ca\/tests\/test-evaluation-de-l-intelligence-emotionnelle-de-schutte\">\u00c9valuez votre niveau d&rsquo;intelligence \u00e9motionnelle<\/a><\/h2><\/div><div class=\"n2-ss-layer n2-ow n-uc-aE5TdXoKSS0l n2-ss-layer--auto\" data-pm=\"normal\" data-sstype=\"layer\"><h2 id=\"n2-ss-1item2\" class=\"  n2-ss-item-content n2-ss-text n2-ow\" style=\"display:inline-block;white-space:nowrap;\"><a class=\"n2-ow n2-font-9087b992e06e2597dab65e76f6f5bd7a-hover n2-style-f6284fa27d6d92da51afcb20758a6d74-heading \" style=\"display:inline-block;\" target=\"_blank\" href=\"http:\/\/www.psychomedia.qc.ca\/tests\/test-evaluation-de-l-intelligence-emotionnelle-de-schutte\">Faire le test<\/a><\/h2><\/div><\/div><\/div><\/div><\/div><img decoding=\"async\" loading=\"lazy\" class=\"n2-ss-slide-thumbnail skip-lazy\" data-skip-lazy=\"1\" src=\"\/\/dynamixia.fr\/wp-content\/uploads\/2019\/07\/intelligence-emo.jpg\" alt=\"intelligence \u00e9motionnelle\"><\/div><div data-slide-duration=\"0\" data-id=\"2\" data-slide-public-id=\"2\" aria-hidden=\"true\" data-title=\"traits de personnalit\u00e9\" class=\"n2-ss-slide n2-ow  n2-ss-slide-2\"><div role=\"note\" class=\"n2-ss-slide--focus\" tabindex=\"-1\">traits de personnalit\u00e9<\/div><div class=\"n2-ss-layers-container n2-ss-slide-limiter n2-ow\"><div class=\"n2-ss-layer n2-ow n-uc-WZEuoCHoU1NM\" data-sstype=\"slide\" data-pm=\"default\"><div class=\"n2-ss-layer n2-ow n-uc-155662364583b\" data-pm=\"default\" data-sstype=\"content\" data-hasbackground=\"1\"><div class=\"n2-ss-section-main-content n2-ss-layer-with-background n2-ss-layer-content n2-ow n-uc-155662364583b-inner\"><div class=\"n2-ss-layer n2-ow n-uc-TKzVR8Y4xEoI n2-ss-layer--auto\" data-pm=\"normal\" data-sstype=\"layer\"><h2 id=\"n2-ss-1item3\" class=\"  n2-ss-item-content n2-ss-text n2-ow\" style=\"display:inline-block;\"><a class=\"n2-ow n2-font-473a070fc9b2d9a41ee70f3987d84ce3-hover n2-style-a0af177082ddcd8be736b701cce13f4a-heading \" style=\"display:inline-block;\" target=\"_blank\" href=\"http:\/\/www.psychomedia.qc.ca\/tests\/inventaire-cinq-facteurs-de-personnalite\">Quels sont vos grands traits de personnalit\u00e9?<\/a><\/h2><\/div><div class=\"n2-ss-layer n2-ow n-uc-lSPNsvoR6Brd n2-ss-layer--auto\" data-pm=\"normal\" data-sstype=\"layer\"><h2 id=\"n2-ss-1item4\" class=\"  n2-ss-item-content n2-ss-text n2-ow\" style=\"display:inline-block;white-space:nowrap;\"><a class=\"n2-ow n2-font-9087b992e06e2597dab65e76f6f5bd7a-hover n2-style-f6284fa27d6d92da51afcb20758a6d74-heading \" style=\"display:inline-block;\" href=\"http:\/\/www.psychomedia.qc.ca\/tests\/inventaire-cinq-facteurs-de-personnalite\">Faire le test<\/a><\/h2><\/div><\/div><\/div><\/div><\/div><img decoding=\"async\" loading=\"lazy\" class=\"n2-ss-slide-thumbnail skip-lazy\" data-skip-lazy=\"1\" src=\"\/\/dynamixia.fr\/wp-content\/uploads\/2019\/07\/\u00e9motions.jpg\" alt=\"traits de personnalit\u00e9\"><\/div><div data-slide-duration=\"0\" data-id=\"3\" data-slide-public-id=\"3\" aria-hidden=\"true\" data-title=\"estime de soi\" class=\"n2-ss-slide n2-ow  n2-ss-slide-3\"><div role=\"note\" class=\"n2-ss-slide--focus\" tabindex=\"-1\">estime de soi<\/div><div class=\"n2-ss-layers-container n2-ss-slide-limiter n2-ow\"><div class=\"n2-ss-layer n2-ow n-uc-qgAHfkbQyYeB\" data-sstype=\"slide\" data-pm=\"default\"><div class=\"n2-ss-layer n2-ow n-uc-1756c427dce81\" data-pm=\"default\" data-sstype=\"content\" data-hasbackground=\"1\"><div class=\"n2-ss-section-main-content n2-ss-layer-with-background n2-ss-layer-content n2-ow n-uc-1756c427dce81-inner\"><div class=\"n2-ss-layer n2-ow n-uc-45814fJUwZB2 n2-ss-layer--auto\" data-pm=\"normal\" data-sstype=\"layer\"><h2 id=\"n2-ss-1item5\" class=\"n2-font-c4029ef2da27558b2269845ed3a9c1fa-hover n2-style-a0af177082ddcd8be736b701cce13f4a-heading   n2-ss-item-content n2-ss-text n2-ow\" style=\"display:inline-block;\">Quel est votre niveau d&rsquo;estime de soi?<\/h2><\/div><div class=\"n2-ss-layer n2-ow n-uc-t21RUVQ9QjE6 n2-ss-layer--auto\" data-pm=\"normal\" data-sstype=\"layer\"><h2 id=\"n2-ss-1item6\" class=\"  n2-ss-item-content n2-ss-text n2-ow\" style=\"display:inline-block;\"><a class=\"n2-ow n2-font-9087b992e06e2597dab65e76f6f5bd7a-hover n2-style-f6284fa27d6d92da51afcb20758a6d74-heading \" style=\"display:inline-block;\" href=\"http:\/\/www.psychomedia.qc.ca\/tests\/echelle-d-estime-de-soi-de-rosenberg\">Faire le test<\/a><\/h2><\/div><\/div><\/div><\/div><\/div><img decoding=\"async\" loading=\"lazy\" class=\"n2-ss-slide-thumbnail skip-lazy\" data-skip-lazy=\"1\" src=\"\/\/dynamixia.fr\/wp-content\/uploads\/2019\/07\/Canva-Person-Holding-Pen.jpg\" alt=\"estime de soi\"><\/div><div data-slide-duration=\"0\" data-id=\"4\" data-slide-public-id=\"4\" aria-hidden=\"true\" data-title=\"SEP\" class=\"n2-ss-slide n2-ow  n2-ss-slide-4\"><div role=\"note\" class=\"n2-ss-slide--focus\" tabindex=\"-1\">SEP<\/div><div class=\"n2-ss-layers-container n2-ss-slide-limiter n2-ow\"><div class=\"n2-ss-layer n2-ow n-uc-7ojpHGB9IJCt\" data-sstype=\"slide\" data-pm=\"default\"><div class=\"n2-ss-layer n2-ow n-uc-RTA2ppXtpHKB\" data-pm=\"default\" data-sstype=\"content\" data-hasbackground=\"1\"><div class=\"n2-ss-section-main-content n2-ss-layer-with-background n2-ss-layer-content n2-ow n-uc-RTA2ppXtpHKB-inner\"><div class=\"n2-ss-layer n2-ow n-uc-K7AfZHqmFPP9 n2-ss-layer--auto\" data-pm=\"normal\" data-sstype=\"layer\"><h2 id=\"n2-ss-1item7\" class=\"  n2-ss-item-content n2-ss-text n2-ow\" style=\"display:inline-block;\"><a class=\"n2-ow n2-font-473a070fc9b2d9a41ee70f3987d84ce3-hover n2-style-a0af177082ddcd8be736b701cce13f4a-heading \" style=\"display:inline-block;\" href=\"http:\/\/www.psychomedia.qc.ca\/tests\/echelle-sentiment-d-efficacite-personnelle-generale\">Quel est votre sentiment d&rsquo;efficacit\u00e9 personnelle?<\/a><\/h2><\/div><div class=\"n2-ss-layer n2-ow n-uc-uh75FzNiblMr n2-ss-layer--auto\" data-pm=\"normal\" data-sstype=\"layer\"><h2 id=\"n2-ss-1item8\" class=\"  n2-ss-item-content n2-ss-text n2-ow\" style=\"display:inline-block;\"><a class=\"n2-ow n2-font-9087b992e06e2597dab65e76f6f5bd7a-hover n2-style-f6284fa27d6d92da51afcb20758a6d74-heading \" style=\"display:inline-block;\" href=\"http:\/\/www.psychomedia.qc.ca\/tests\/echelle-d-estime-de-soi-de-rosenberg\">Faire le test<\/a><\/h2><\/div><\/div><\/div><\/div><\/div><img decoding=\"async\" loading=\"lazy\" class=\"n2-ss-slide-thumbnail skip-lazy\" data-skip-lazy=\"1\" src=\"\/\/dynamixia.fr\/wp-content\/uploads\/2019\/07\/Canva-Man-Wearing-White-Sweater-and-Black-Shorts-About-to-Run.jpg\" alt=\"SEP\"><\/div><div data-slide-duration=\"0\" data-id=\"5\" data-slide-public-id=\"5\" aria-hidden=\"true\" data-title=\"R\u00e9guler ses \u00e9motions\" class=\"n2-ss-slide n2-ow  n2-ss-slide-5\"><div role=\"note\" class=\"n2-ss-slide--focus\" tabindex=\"-1\">R\u00e9guler ses \u00e9motions<\/div><div class=\"n2-ss-layers-container n2-ss-slide-limiter n2-ow\"><div class=\"n2-ss-layer n2-ow n-uc-jYjkZbTID6uN\" data-sstype=\"slide\" data-pm=\"default\"><div class=\"n2-ss-layer n2-ow n-uc-9P8jM8E62nWa\" data-pm=\"default\" data-sstype=\"content\" data-hasbackground=\"1\"><div class=\"n2-ss-section-main-content n2-ss-layer-with-background n2-ss-layer-content n2-ow n-uc-9P8jM8E62nWa-inner\"><div class=\"n2-ss-layer n2-ow n-uc-U9t91fMEQxQf n2-ss-layer--auto\" data-pm=\"normal\" data-sstype=\"layer\"><h2 id=\"n2-ss-1item9\" class=\"  n2-ss-item-content n2-ss-text n2-ow\" style=\"display:inline-block;\"><a class=\"n2-ow n2-font-c4029ef2da27558b2269845ed3a9c1fa-hover n2-style-a0af177082ddcd8be736b701cce13f4a-heading \" style=\"display:inline-block;\" href=\"http:\/\/www.psychomedia.qc.ca\/tests\/echelle-de-difficultes-de-regulation-des-emotions\">Quelles sont vos difficult\u00e9s de r\u00e9gulation des \u00e9motions ?<\/a><\/h2><\/div><div class=\"n2-ss-layer n2-ow n-uc-JOefjUsHjvXz n2-ss-layer--auto\" data-pm=\"normal\" data-sstype=\"layer\"><h2 id=\"n2-ss-1item10\" class=\"  n2-ss-item-content n2-ss-text n2-ow\" style=\"display:inline-block;\"><a class=\"n2-ow n2-font-9087b992e06e2597dab65e76f6f5bd7a-hover n2-style-f6284fa27d6d92da51afcb20758a6d74-heading \" style=\"display:inline-block;\" href=\"http:\/\/www.psychomedia.qc.ca\/tests\/echelle-de-difficultes-de-regulation-des-emotions\">Faire le test<\/a><\/h2><\/div><\/div><\/div><\/div><\/div><img decoding=\"async\" loading=\"lazy\" class=\"n2-ss-slide-thumbnail skip-lazy\" data-skip-lazy=\"1\" src=\"https:\/\/smartslider3.com\/sample\/photographerthumbnail.jpg\" alt=\"R\u00e9guler ses \u00e9motions\"><\/div>                    <\/div>\n\n                                    <\/div>\n            <\/div>\n        <\/div>\n        <div class=\"n2-ss-slider-controls n2-ss-slider-controls-absolute-left-center\"><div style=\"--widget-offset:15px;\" class=\"n2-ss-widget nextend-arrow n2-ow-all nextend-arrow-previous  nextend-arrow-animated-fade\" data-hide-mobileportrait=\"1\" id=\"n2-ss-1-arrow-previous\" role=\"button\" aria-label=\"previous arrow\" tabindex=\"0\"><img loading=\"lazy\" decoding=\"async\" width=\"32\" height=\"32\" class=\"skip-lazy\" data-skip-lazy=\"1\" src=\"data:image\/svg+xml;base64,PHN2ZyB3aWR0aD0iMzIiIGhlaWdodD0iMzIiIHZpZXdCb3g9IjAgMCAzMiAzMiIgeG1sbnM9Imh0dHA6Ly93d3cudzMub3JnLzIwMDAvc3ZnIj4KICAgIDxwYXRoIGQ9Ik0xMS40MzMgMTUuOTkyTDIyLjY5IDUuNzEyYy4zOTMtLjM5LjM5My0xLjAzIDAtMS40Mi0uMzkzLS4zOS0xLjAzLS4zOS0xLjQyMyAwbC0xMS45OCAxMC45NGMtLjIxLjIxLS4zLjQ5LS4yODUuNzYtLjAxNS4yOC4wNzUuNTYuMjg0Ljc3bDExLjk4IDEwLjk0Yy4zOTMuMzkgMS4wMy4zOSAxLjQyNCAwIC4zOTMtLjQuMzkzLTEuMDMgMC0xLjQybC0xMS4yNTctMTAuMjkiCiAgICAgICAgICBmaWxsPSIjZmZmZmZmIiBvcGFjaXR5PSIwLjgiIGZpbGwtcnVsZT0iZXZlbm9kZCIvPgo8L3N2Zz4=\" alt=\"previous arrow\"><\/div><\/div><div class=\"n2-ss-slider-controls n2-ss-slider-controls-absolute-right-center\"><div style=\"--widget-offset:15px;\" class=\"n2-ss-widget nextend-arrow n2-ow-all nextend-arrow-next  nextend-arrow-animated-fade\" data-hide-mobileportrait=\"1\" id=\"n2-ss-1-arrow-next\" role=\"button\" aria-label=\"next arrow\" tabindex=\"0\"><img loading=\"lazy\" decoding=\"async\" width=\"32\" height=\"32\" class=\"skip-lazy\" data-skip-lazy=\"1\" src=\"data:image\/svg+xml;base64,PHN2ZyB3aWR0aD0iMzIiIGhlaWdodD0iMzIiIHZpZXdCb3g9IjAgMCAzMiAzMiIgeG1sbnM9Imh0dHA6Ly93d3cudzMub3JnLzIwMDAvc3ZnIj4KICAgIDxwYXRoIGQ9Ik0xMC43MjIgNC4yOTNjLS4zOTQtLjM5LTEuMDMyLS4zOS0xLjQyNyAwLS4zOTMuMzktLjM5MyAxLjAzIDAgMS40MmwxMS4yODMgMTAuMjgtMTEuMjgzIDEwLjI5Yy0uMzkzLjM5LS4zOTMgMS4wMiAwIDEuNDIuMzk1LjM5IDEuMDMzLjM5IDEuNDI3IDBsMTIuMDA3LTEwLjk0Yy4yMS0uMjEuMy0uNDkuMjg0LS43Ny4wMTQtLjI3LS4wNzYtLjU1LS4yODYtLjc2TDEwLjcyIDQuMjkzeiIKICAgICAgICAgIGZpbGw9IiNmZmZmZmYiIG9wYWNpdHk9IjAuOCIgZmlsbC1ydWxlPSJldmVub2RkIi8+Cjwvc3ZnPg==\" alt=\"next arrow\"><\/div><\/div><\/div><div class=\"n2-ss-slider-controls n2-ss-slider-controls-below\"><div style=\"--widget-offset:10px;\" class=\"n2-ss-widget n2-ss-control-bullet n2-ow-all n2-ss-control-bullet-horizontal\"><div class=\" nextend-bullet-bar n2-bar-justify-content-center\" role=\"group\" aria-label=\"Choose slide to display.\"><div class=\"n2-bullet n2-style-98b890a69860771f94d32019bd5202d1-dot \" style=\"visibility:hidden;\"><\/div><\/div><\/div><\/div><\/div><\/div><ss3-loader><\/ss3-loader><\/div><\/div><div class=\"n2_clear\"><\/div><\/div>\n\n\n<hr class=\"wp-block-separator is-style-wide\"\/>\n\n\n\n<p><\/p>\n","protected":false},"excerpt":{"rendered":"<p>\u26a0 Les tests pr\u00e9sent\u00e9s ici (via le site Psychom\u00e9dia) n&rsquo;ont pas de validit\u00e9 scientifique ! Ils en sont inspir\u00e9s mais ne remplacent pas une v\u00e9ritable consultation propos\u00e9e par un.e professionnel.le ! \u26a0 Les&nbsp;tests psychologiques&nbsp;gratuits en ligne pr\u00e9sent\u00e9s ici (aucune inscription requise) ont \u00e9t\u00e9 d\u00e9velopp\u00e9s dans un contexte de recherche en psychologie ou en psychiatrie, ou sont bas\u00e9s sur les crit\u00e8res diagnostiques de conditions de sant\u00e9 mentale. Ils sont souvent associ\u00e9s \u00e0 des mod\u00e8les en psychologie que vous pourrez prendre int\u00e9r\u00eat \u00e0 d\u00e9couvrir. Ces tests sont pr\u00e9sent\u00e9s dans le but d&rsquo;informer et de favoriser la r\u00e9flexion et la connaissance de soi et non pas comme outils diagnostiques.<\/p>\n","protected":false},"author":1,"featured_media":0,"parent":0,"menu_order":0,"comment_status":"closed","ping_status":"closed","template":"","meta":{"footnotes":""},"class_list":["post-108","page","type-page","status-publish","hentry"],"yoast_head":"<!-- This site is optimized with the Yoast SEO plugin v27.2 - https:\/\/yoast.com\/product\/yoast-seo-wordpress\/ -->\n<title>Tests psychologiques par Psychomedia - Lucie Ducap Psychologue<\/title>\n<meta name=\"description\" content=\"Les tests psychologiques gratuits en ligne pr\u00e9sent\u00e9s ici (aucune inscription requise) ont \u00e9t\u00e9 d\u00e9velopp\u00e9s dans un contexte de recherche en psychologie ou en psychiatrie, ou sont bas\u00e9s sur les crit\u00e8res diagnostiques de conditions de sant\u00e9 mentale.\" \/>\n<meta name=\"robots\" content=\"index, follow, max-snippet:-1, max-image-preview:large, max-video-preview:-1\" \/>\n<link rel=\"canonical\" href=\"https:\/\/dynamixia.fr\/index.php\/tests-psychologiques-par-psychomedia\/\" \/>\n<meta property=\"og:locale\" content=\"fr_FR\" \/>\n<meta property=\"og:type\" content=\"article\" \/>\n<meta property=\"og:title\" content=\"Tests psychologiques par Psychomedia - Lucie Ducap Psychologue\" \/>\n<meta property=\"og:description\" content=\"Les tests psychologiques gratuits en ligne pr\u00e9sent\u00e9s ici (aucune inscription requise) ont \u00e9t\u00e9 d\u00e9velopp\u00e9s dans un contexte de recherche en psychologie ou en psychiatrie, ou sont bas\u00e9s sur les crit\u00e8res diagnostiques de conditions de sant\u00e9 mentale.\" \/>\n<meta property=\"og:url\" content=\"https:\/\/dynamixia.fr\/index.php\/tests-psychologiques-par-psychomedia\/\" \/>\n<meta property=\"og:site_name\" content=\"Lucie Ducap Psychologue\" \/>\n<meta property=\"article:publisher\" content=\"https:\/\/www.facebook.com\/monatelierpsy\/\" \/>\n<meta property=\"article:modified_time\" content=\"2019-08-07T19:25:34+00:00\" \/>\n<meta name=\"twitter:card\" content=\"summary_large_image\" \/>\n<meta name=\"twitter:label1\" content=\"Dur\u00e9e de lecture estim\u00e9e\" \/>\n\t<meta name=\"twitter:data1\" content=\"1 minute\" \/>\n<script type=\"application\/ld+json\" class=\"yoast-schema-graph\">{\"@context\":\"https:\/\/schema.org\",\"@graph\":[{\"@type\":\"WebPage\",\"@id\":\"https:\/\/dynamixia.fr\/index.php\/tests-psychologiques-par-psychomedia\/\",\"url\":\"https:\/\/dynamixia.fr\/index.php\/tests-psychologiques-par-psychomedia\/\",\"name\":\"Tests psychologiques par Psychomedia - Lucie Ducap Psychologue\",\"isPartOf\":{\"@id\":\"https:\/\/dynamixia.fr\/#website\"},\"datePublished\":\"2019-08-03T12:27:02+00:00\",\"dateModified\":\"2019-08-07T19:25:34+00:00\",\"description\":\"Les tests psychologiques gratuits en ligne pr\u00e9sent\u00e9s ici (aucune inscription requise) ont \u00e9t\u00e9 d\u00e9velopp\u00e9s dans un contexte de recherche en psychologie ou en psychiatrie, ou sont bas\u00e9s sur les crit\u00e8res diagnostiques de conditions de sant\u00e9 mentale.\",\"breadcrumb\":{\"@id\":\"https:\/\/dynamixia.fr\/index.php\/tests-psychologiques-par-psychomedia\/#breadcrumb\"},\"inLanguage\":\"fr-FR\",\"potentialAction\":[{\"@type\":\"ReadAction\",\"target\":[\"https:\/\/dynamixia.fr\/index.php\/tests-psychologiques-par-psychomedia\/\"]}]},{\"@type\":\"BreadcrumbList\",\"@id\":\"https:\/\/dynamixia.fr\/index.php\/tests-psychologiques-par-psychomedia\/#breadcrumb\",\"itemListElement\":[{\"@type\":\"ListItem\",\"position\":1,\"name\":\"Accueil\",\"item\":\"https:\/\/dynamixia.fr\/\"},{\"@type\":\"ListItem\",\"position\":2,\"name\":\"Tests psychologiques par Psychomedia\"}]},{\"@type\":\"WebSite\",\"@id\":\"https:\/\/dynamixia.fr\/#website\",\"url\":\"https:\/\/dynamixia.fr\/\",\"name\":\"Psychologie du travail - Lucie Ducap\",\"description\":\"Cabinet de psychologie du travail - Meilleure Psychologue \u00e0 Saint-Denis R\u00e9union 97400\",\"potentialAction\":[{\"@type\":\"SearchAction\",\"target\":{\"@type\":\"EntryPoint\",\"urlTemplate\":\"https:\/\/dynamixia.fr\/?s={search_term_string}\"},\"query-input\":{\"@type\":\"PropertyValueSpecification\",\"valueRequired\":true,\"valueName\":\"search_term_string\"}}],\"inLanguage\":\"fr-FR\"}]}<\/script>\n<!-- \/ Yoast SEO plugin. -->","yoast_head_json":{"title":"Tests psychologiques par Psychomedia - Lucie Ducap Psychologue","description":"Les tests psychologiques gratuits en ligne pr\u00e9sent\u00e9s ici (aucune inscription requise) ont \u00e9t\u00e9 d\u00e9velopp\u00e9s dans un contexte de recherche en psychologie ou en psychiatrie, ou sont bas\u00e9s sur les crit\u00e8res diagnostiques de conditions de sant\u00e9 mentale.","robots":{"index":"index","follow":"follow","max-snippet":"max-snippet:-1","max-image-preview":"max-image-preview:large","max-video-preview":"max-video-preview:-1"},"canonical":"https:\/\/dynamixia.fr\/index.php\/tests-psychologiques-par-psychomedia\/","og_locale":"fr_FR","og_type":"article","og_title":"Tests psychologiques par Psychomedia - Lucie Ducap Psychologue","og_description":"Les tests psychologiques gratuits en ligne pr\u00e9sent\u00e9s ici (aucune inscription requise) ont \u00e9t\u00e9 d\u00e9velopp\u00e9s dans un contexte de recherche en psychologie ou en psychiatrie, ou sont bas\u00e9s sur les crit\u00e8res diagnostiques de conditions de sant\u00e9 mentale.","og_url":"https:\/\/dynamixia.fr\/index.php\/tests-psychologiques-par-psychomedia\/","og_site_name":"Lucie Ducap Psychologue","article_publisher":"https:\/\/www.facebook.com\/monatelierpsy\/","article_modified_time":"2019-08-07T19:25:34+00:00","twitter_card":"summary_large_image","twitter_misc":{"Dur\u00e9e de lecture estim\u00e9e":"1 minute"},"schema":{"@context":"https:\/\/schema.org","@graph":[{"@type":"WebPage","@id":"https:\/\/dynamixia.fr\/index.php\/tests-psychologiques-par-psychomedia\/","url":"https:\/\/dynamixia.fr\/index.php\/tests-psychologiques-par-psychomedia\/","name":"Tests psychologiques par Psychomedia - Lucie Ducap Psychologue","isPartOf":{"@id":"https:\/\/dynamixia.fr\/#website"},"datePublished":"2019-08-03T12:27:02+00:00","dateModified":"2019-08-07T19:25:34+00:00","description":"Les tests psychologiques gratuits en ligne pr\u00e9sent\u00e9s ici (aucune inscription requise) ont \u00e9t\u00e9 d\u00e9velopp\u00e9s dans un contexte de recherche en psychologie ou en psychiatrie, ou sont bas\u00e9s sur les crit\u00e8res diagnostiques de conditions de sant\u00e9 mentale.","breadcrumb":{"@id":"https:\/\/dynamixia.fr\/index.php\/tests-psychologiques-par-psychomedia\/#breadcrumb"},"inLanguage":"fr-FR","potentialAction":[{"@type":"ReadAction","target":["https:\/\/dynamixia.fr\/index.php\/tests-psychologiques-par-psychomedia\/"]}]},{"@type":"BreadcrumbList","@id":"https:\/\/dynamixia.fr\/index.php\/tests-psychologiques-par-psychomedia\/#breadcrumb","itemListElement":[{"@type":"ListItem","position":1,"name":"Accueil","item":"https:\/\/dynamixia.fr\/"},{"@type":"ListItem","position":2,"name":"Tests psychologiques par Psychomedia"}]},{"@type":"WebSite","@id":"https:\/\/dynamixia.fr\/#website","url":"https:\/\/dynamixia.fr\/","name":"Psychologie du travail - Lucie Ducap","description":"Cabinet de psychologie du travail - Meilleure Psychologue \u00e0 Saint-Denis R\u00e9union 97400","potentialAction":[{"@type":"SearchAction","target":{"@type":"EntryPoint","urlTemplate":"https:\/\/dynamixia.fr\/?s={search_term_string}"},"query-input":{"@type":"PropertyValueSpecification","valueRequired":true,"valueName":"search_term_string"}}],"inLanguage":"fr-FR"}]}},"acf":[],"_links":{"self":[{"href":"https:\/\/dynamixia.fr\/index.php\/wp-json\/wp\/v2\/pages\/108","targetHints":{"allow":["GET"]}}],"collection":[{"href":"https:\/\/dynamixia.fr\/index.php\/wp-json\/wp\/v2\/pages"}],"about":[{"href":"https:\/\/dynamixia.fr\/index.php\/wp-json\/wp\/v2\/types\/page"}],"author":[{"embeddable":true,"href":"https:\/\/dynamixia.fr\/index.php\/wp-json\/wp\/v2\/users\/1"}],"replies":[{"embeddable":true,"href":"https:\/\/dynamixia.fr\/index.php\/wp-json\/wp\/v2\/comments?post=108"}],"version-history":[{"count":11,"href":"https:\/\/dynamixia.fr\/index.php\/wp-json\/wp\/v2\/pages\/108\/revisions"}],"predecessor-version":[{"id":831,"href":"https:\/\/dynamixia.fr\/index.php\/wp-json\/wp\/v2\/pages\/108\/revisions\/831"}],"wp:attachment":[{"href":"https:\/\/dynamixia.fr\/index.php\/wp-json\/wp\/v2\/media?parent=108"}],"curies":[{"name":"wp","href":"https:\/\/api.w.org\/{rel}","templated":true}]}}